0 = -2*y + 4*k - 16. Let q(u) be the second derivative of u**3/3 + 13*u**2/2 + u. Determine q(y).
-7
Let c be (2 + 15)*5/5. Let j = -11 + c. Let z(m) = 0 - j*m - 2*m**2 + 2*m**2 - m**2 + 3. Calculate z(-5).
8
Let p(u) = -19*u. Suppose -2*t = 3*t + 20, 2*c = -t + 4. Suppose c*a = -3*a - 7. Determine p(a).
19
Suppose -q - 4*q = -g + 16, 8 = g - 3*q. Let m(b) = -3*b + 23. Let j be m(7). Let a(d) = -2*d**2 + d**j - 40 + 44 - d. What is a(g)?
-8
Let y(a) = a**2 + 5*a - 1. Suppose 23 + 17 = -2*d - 2*i, 0 = 5*d - 3*i + 76. Let b(s) = -s**2 - 6. Let u be b(4). Let z = u - d. Calculate y(z).
-1
Let j(i) be the third derivative of -i**5/60 - 5*i**4/24 + i**3/3 - 3*i**2. Suppose -14*y + 16*y = -4*o + 8, y = o - 11. What is j(y)?
-4
Let c(t) = t**3 - 7*t**2 + 5*t - 2. Suppose 3*r - 15 = 5*r + 5*j, -4*r - j = -15. Suppose 0*d - 220 = -r*d. Let a be 3/6 + d/8. Determine c(a).
-8
Suppose 4*n = 16 - 0. Suppose 3 = n*r - 1. Let t(s) = -25*s**3 - 13*s**2 - 4. Let l(j) = -17*j**3 - 9*j**2 - 3. Let y(h) = 7*l(h) - 5*t(h). Calculate y(r).
7
Suppose -7*o = -37 + 2. Let r(k) = -k**3 + 5*k**2 + 3*k + 5. Determine r(o).
20
Suppose 28*q = 71*q + 473. Let i(p) = -p**2 - 8*p + 8. Determine i(q).
-25
Let o be (41/(1640/48))/((-1)/(-5)). Let h(i) be the first derivative of o*i + 8 + 5/2*i**2 + 1/4*i**4 - 2*i**3. What is h(5)?
6
Suppose 36 = 4*v + 8*v. Let z(p) = 6*p - 1. Give z(v).
17
Let r(s) = s + 8. Suppose 9*i - 45 = 4*i. Let t be -1 + 25/(4 - i). Give r(t).
2
Let k = 11 + -7. Let q(l) = -3*l + 5. Let u(r) = -4*r + 6. Let b(j) = -5*q(j) + 4*u(j). Calculate b(k).
-5
Let q(b) = -b**2 + 7*b - 4. Suppose 0 = -5*d - 25, 4*r + 0*r - d - 17 = 0. Let u be ((-7)/(-3) - r)/((-7)/63). Calculate q(u).
2
Suppose -8*m + 6*m + 12 = 0. Suppose -m - 8 = -2*u. Let k(r) = r**2 - 7*r - 5. Determine k(u).
-5
Let l be (-147)/98 + 2*1. Let y(r) be the first derivative of l*r**2 + 3*r - 2. Give y(-5).
-2
Let y(q) = q + 4. Suppose -5*g = 37 + 53. Let l = g + 13. What is y(l)?
-1
Suppose 0 = -3*p + 5*q + 26, -3*q + 4 = -4*p + 24. Suppose -o = -3 + p. Let h(w) = 0*w**2 + 4*w**2 + 4*w + 0*w**2 - 6*w**2 + o. What is h(3)?
-5
Suppose 5*y - 18 = 2*n, 3*y + y = -4*n + 20. Suppose j + y*j - 4 = 4*t, 0 = -4*t + j - 20. Let w(b) = -13 + 0*b - 3*b + 4. Determine w(t).
9
Let h = -269 + 259. Let i(y) = -y. Calculate i(h).
10
Let y(a) = -a**3 + 7*a**2 - 6*a - 1. Let n be 3 - 1 - 604/(-151). Calculate y(n).
-1
Let w(j) be the third derivative of -1/120*j**6 - 1/5*j**5 - 5/12*j**4 + 46*j**2 + 0*j + 4/3*j**3 + 0. Calculate w(-11).
-3
Let k(i) be the first derivative of -i**2/2 + 13*i + 236. Calculate k(13).
0
Let q(u) be the second derivative of 1/6*u**3 - 11*u + 0 - 3*u**2. Give q(-6).
-12
Let j(b) = 3*b - 3. Let o(k) = -2*k + 1. Let w(t) = -j(t) - 5*o(t). What is w(3)?
19
Let b = 34 + -32. Let v(s) = 2*s**2 - s**b + 3 + 4*s - 2 - s. Give v(-2).
-1
Let s(t) = t + 10. Suppose -55*i + 69*i = 98. What is s(i)?
17
Suppose -5*f = -4*n + 66, -5*n - f - 19 + 87 = 0. Suppose 0*x + n = 2*x. Let l(w) = -10 + w + 22 - 2*w. Calculate l(x).
5
Let h be (9 + -12)/((-6)/(-8)). Let p(k) = -4*k**2 + 3*k + 10. Let c(j) = 3*j**2 - 4*j - 9. Let z(o) = h*p(o) - 5*c(o). What is z(-7)?
-2
Let i(q) = -q + 2. Let p be i(7). Let d(r) be the first derivative of r**4/4 + 4*r**3/3 - 2*r**2 - 4*r - 33. What is d(p)?
-9
Let c(p) = -p**2 - 9*p - 9. Let d be c(-7). Let x(i) = 0*i**2 - 6*i**2 - 33*i**3 + 77*i**3 + 6*i - 43*i**3 + 5. Determine x(d).
10
Let g be ((-6)/(-8))/(6/24). Let s(z) = -8*z - 4. Determine s(g).
-28
Suppose 49*a = 41 - 139. Let d(s) = 2*s**3 + s**2 + 4 - 3 - s**3. Let p(y) = -3*y**3 - 3*y**2 - 3*y - 8. Let b(z) = 5*d(z) + p(z). Give b(a).
-5
Let t(q) = -q**2 - 9*q - 7. Let z(p) = -6*p**2 + 69*p - 42. Let r be z(11). What is t(r)?
-7
Let i(q) = -2*q**2 + 30*q + 29. Let z be i(16). Let y(o) = o - 3. Determine y(z).
-6
Suppose 0 = 73*y - 64*y + 27. Let h(w) = w**3 + 3*w**2 - 3*w - 4. Calculate h(y).
5
Let l be 64/2*2/(-4). Let t be (2/(-21) + l/28)*9. Let c(h) = h + 8. Determine c(t).
2
Let q(a) be the second derivative of -4*a**4/3 + 8*a**3/3 + a. Let o(g) = -3*g**2 + 3*g. Let t(r) = -11*o(r) + 2*q(r). Calculate t(0).
0
Let y(a) = a**2 + 7. Suppose -5*z - 6*w + w = 5, z + 4*w + 4 = 0. What is y(z)?
7
Let h(g) be the first derivative of g**2/2 - 2. Suppose m - r + 2*r = -4, 3*m - r + 4 = 0. Let l be 70/63 - m/(-18). Determine h(l).
1
Let x(f) be the second derivative of -f**7/840 - f**6/72 + f**5/120 + 5*f**4/24 + f**3/6 + 13*f. Let a(y) be the second derivative of x(y). Calculate a(-4).
-15
Let q(p) = -p**2 + 2*p + 4. Suppose 6*h + 12 = -0*h. Let j = 5 + h. Determine q(j).
1
Let u(k) = 13*k - k**3 - k**2 - 32*k + 2*k**2 - 42 + 5*k + 15*k. Determine u(0).
-42
Suppose 2*z + 3*z = 10. Let j(r) = -43*r - z + 1 + 42*r. Let k(q) = -2*q + 4. Let t be k(3). Give j(t).
1
Let b(c) = -4*c**2 - 9*c - 2. Let t(r) = -5*r**2 - 9*r - 6. Let i(a) = 6*b(a) - 5*t(a). Give i(2).
4
Suppose 0 = -g - g - 2. Let t(f) be the first derivative of f**3 + f - 119. What is t(g)?
4
Let r(s) = -s**3 - s**2 + 5*s - 38. Let u(d) = -d**3 - 2*d**2 + 7*d - 38. Let t(p) = 3*r(p) - 2*u(p). What is t(0)?
-38
Let h(x) = x**3 - 16*x**2 - 17*x + 12. Let n = 1397 - 1380. What is h(n)?
12
Suppose m - c = -3*c + 5, 5*m - 11 = 4*c. Suppose -9 + 21 = m*p. Suppose 4*d = p*s, -d + 5*s + 20 = -6*d. Let r(b) = 3*b**2 - 2*b. Calculate r(d).
16
Let s be (3 + -3 - -5) + -3. Let o(r) = 0 - 1 - r**s - 5*r + 3. Let f be o(-5). Let j(i) = 6*i + 2. Calculate j(f).
14
Let n = 16 - 5. Let p = n - 4. Let q(m) = -6*m**2 - 3*m**3 + 1 + 0*m**3 - 7*m + 3*m**3 + m**3. What is q(p)?
1
Let l(n) = 5*n - 41. Let v(x) = -x + 8. Let f(j) = -2*l(j) - 11*v(j). Give f(6).
0
Suppose 4*d - 5 = 3*c + 43, 0 = 5*d - c - 49. Let q(a) = -a**2 + 10*a - 12. Give q(d).
-3
Let t(a) be the second derivative of -a**3/3 + 25*a**2/2 + 6*a - 20. What is t(7)?
11
Let m(j) = -3*j**3 + 9*j**2 - 5*j + 9. Let c(h) = h**3 - 3*h**2 + 2*h - 3. Let z be -34*(-1)/(-12)*-2*-3. Let f(a) = z*c(a) - 6*m(a). Give f(4).
-3
Let a(c) = c**3 - 6*c**2 + 3*c + 7. Let i be a(5). Let q(d) = 8*d - 2. Let v(l) = 7*l - 2. Let u(z) = -6*q(z) + 7*v(z). Give u(i).
-5
Suppose -43*w = -45*w - 12. Let x(a) = -a - 11. What is x(w)?
-5
Suppose -t + 4*t = -3. Let u be 4/(2/1) - t. Let s(l) = -3*l + u*l + 6*l - 4*l. Determine s(-2).
-4
Let b(t) be the third derivative of t**5/60 + t**4/6 + t**3 + 4*t**2. Let s(j) = 2*j**2 + 9*j + 11. Let r(y) = -5*b(y) + 3*s(y). Give r(-7).
3
Let b(l) = 7 + 2*l**2 + 0*l - 3*l**2 - 2*l. Let a be (-1)/((-140)/168 + (-2)/(-2 + 0)). What is b(a)?
-17
Let i(w) = 13*w**2 + 13*w - 5. Let v(z) = 11*z**2 + 13*z - 3. Let m(j) = 5*i(j) - 6*v(j). Give m(-13).
-7
Let o(m) = m**2 + 6*m - 2. Let b be o(-7). Suppose -b*h = l - 30, 2*h + 2*l - 35 = -3*l. Let f(r) = -3 - 6*r - r + r**2 + r. Calculate f(h).
-8
Suppose 0 = -41*i + 29*i - 72. Let u(v) = 3*v + 11. Calculate u(i).
-7
Let k = 77 - 76. Let i(a) = -11*a**3 - a**2. Calculate i(k).
-12
Let l(w) = -6*w**2 + 11*w + 12. Let p(u) = -5*u**2 + 10*u + 11. Let r(d) = -4*l(d) + 5*p(d). Let h = 441 - 434. What is r(h)?
0
Let r(c) = c**2 + c - 11. Let i(n) = n**2 + 7*n - 16. Let h be i(2). Let g(x) = 4*x**2 + 4*x - 45. Let v(p) = h*g(p) - 9*r(p). What is v(0)?
9
Let w(f) = -8*f**3 - 3*f**3 - 3*f**3. Give w(-1).
14
Let u(s) = 3 + 0*s - 4*s + 7*s. Suppose 8 = 2*t - 6*t. What is u(t)?
-3
Let x(m) be the third derivative of m**4/24 - m**3/3 + 13*m**2 + 3. Give x(-3).
-5
Let j be (-6)/(-9)*(-30)/(-4). Let u(w) = 2*w**3 - 17*w**2 + 15*w + 11. Let x(k) = -k**3 + 9*k**2 - 8*k - 6. Let m(t) = -3*u(t) - 5*x(t). Give m(j).
-3
Let u(a) = -a. Let k(r) = 4*r - 8. Let g(h) = k(h) + 3*u(h). Let t = -26 + 20. Give g(t).
-14
Let c(h) be the first derivative of -h**6/360 + h**5/40 + 5*h**4/24 - 10*h**3/3 + 21. Let j(z) be the third derivative of c(z). Determine j(5).
-5
Let n(p) = -6*p**2 + 3*p + 8. Let v(c) = c**2 - 1. Let b(q) = -n(q) - 5*v(q). Determine b(8).
37
Let d(g) = g**2 - 17*g + 10. Let z(w) = -4*w**2 + 68*w - 40. Let x(n) = -9*d(n) - 2*z(n). What is x(16)?
6
Let d(l) = -13*l**3 + 15*l**2 - 15*l + 2. Let f(q) = 24*q**3 - 30*q**2 + 30*q - 5. Let o(v) = -11*d(v) - 6*f(v). Determine o(14).
-6
Let j(g) = g**2 + 49*g + 14. Let p be j(-49). Let c(s) = -s + 34. Calculate c(p).
20
Let w(v) = 33*v**2 